- -20)?
11
-706 + 727 - ((2 - 3) + (-2 - -6))
18
What is the value of 22 + 8 + 144 + -204?
-30
-11 - (5 - (24 + -13))
-5
Evaluate (49 - 65) + -1 + -4 + 5.
-16
What is -16 - (-3 - -3 - (26 + -33))?
-23
What is -2 + 2 + -23 + 3 + 10?
-10
Calculate -4 - (-1 + 0 + (-16 - (-30 + 18))).
1
What is (1 - 5 - 0) + 50 + -28 + -19?
-1
39 + -17 + 12 + -15
19
What is -8 + -8 + 17 - -10?
11
What is the value of (1 - 1 - -2) + (5 - 14 - -3)?
-4
What is (-1 - -9 - -3) + 31 + -27?
15
Calculate -11 + 28 + 9 + -4.
22
What is 9 + (-109 - -101 - (1 + 2) - 10)?
-12
-10 - ((-16 - 2) + 0 + 3 + 5)
0
What is the value of (106 - 112) + (6 + -2 - -5)?
3
Evaluate -7 + (10 - 0) + 6 + -6.
3
175 + -196 - (-50 - -3)
26
Evaluate (9 - 2) + 2 + (11 - 2) + -20.
-2
What is the value of 1 + -2 - 0 - (-180 + 174)?
5
(-383 - -381) + (3 - 5 - (8 - 1))
-11
What is 33 + -74 + 46 + -2 + -1 + 1?
3
(-4 - 2 - (-10 + (4 - 2))) + -10
-8
Calculate -25 + 29 + (-6 - (0 + 0)) - -15.
13
What is 16 + -7 + -1 + -19?
-11
What is the value of (0 - 13) + 32 + -9 - 5?
5
What is 51 + -26 + (-4 - 27)?
-6
Calculate -1 + -17 + 208 + -197.
-7
Evaluate -18 - -26 - (6 + 3).
-1
Calculate 7 - (((-5 - -7) + 3 - 11) + -3).
16
Evaluate 18 + -10 + (-1 + -18 - 13).
-24
Calculate -5 + (1 + -13 - (249 - 256)).
-10
What is the value of 3 - (-1 + (6 - 7)) - -1?
6
Evaluate 12 + 1 + (-9 + 14 - 13).
5
Calculate -15 + (-8 - (4 + -16 + 8)).
-19
-3 + -7 + -14 + 5
-19
Calculate -3 + -15 + 43 + -37 + -5.
-17
What is -44 + 36 - (5 + 3 + -4)?
-12
-11 + 2 - (30 + -41)
2
-27 + 18 + 6 + (-1 - 7)
-11
Evaluate 4 - (10 - -5 - 11).
0
-6 - 0 - (10 + -41 + 23)
2
Evaluate 24 + -41 - (-18 + 0).
1
Evaluate 55 + -28 - (-21 - -63).
-15
What is 17 - (-7 + (21 + -13 - 3))?
19
Evaluate -18 + (8 - (0 + 6) - -38).
22
Evaluate 0 - -3 - (7 + -12 - (-5 + -1)).
2
What is the value of 1 + 9 + (-2 - -14) + 282 + -285?
19
7 + (3 - 2) + 133 + -127
14
What is the value of -4 + -1 - -1 - (-385 + 382)?
-1
What is -15 + 8 - (-2 + 6 + -3 + -1)?
-7
What is 150 - 139 - (-5 - -3 - -12)?
1
What is the value of -4 - (-4 - (-14 + 3) - 11)?
0
Calculate -1 - -14 - (-12 + (-5 - -2)).
28
7 + 0 + -15 + -4
-12
What is 2 - ((10 + -9 - -3) + -7) - 2?
3
Evaluate (-6 - -23) + -3 - 12.
2
Evaluate 654 + -665 + (-4 - 0 - 2).
-17
7 + 13 + (1 - (-8 + 19) - -10)
20
What is the value of 21 + 1 + (3 - (4 - (-3 - -3)))?
21
Calculate 3 - (4 - 25 - (0 + -12)).
12
(-76 + 18 - -20) + 30
-8
What is the value of -34 + (7 - -5 - 2)?
-24
Evaluate (-110 - -109) + 12 + 2.
13
Calculate 14 - (-12 + -1 + 23 + (5 - 6)).
5
Calculate -8 - (12 + -16) - -17.
13
Calculate 5 + (-2 - 6) + -2.
-5
-24 - -37 - (-22 + 50)
-15
-16 - (-9 - (35 - 22))
6
What is (4 + -2 + -7 - 11) + 3?
-13
What is 5 + (2 - 6) - (-44 + 53)?
-8
What is (1 - -9) + -4 + -5 + (38 - 50)?
-11
Evaluate (497 - 459) + (1 - 21).
18
Evaluate 20 - (2 + -17) - 14.
21
Calculate (-6 + -2 - -14) + -35.
-29
What is the value of 25 + (-33 - -25) - (-3 + -9)?
29
Evaluate 1 + 9 - (-262 + 263).
9
Evaluate -16 + -1 + -4 + (-503 - -521).
-3
What is the value of -14 + -4 + (1 - (-4 + 3 - 6))?
-10
What is (21 - 41 - -29) + 0 + 2?
11
What is (-5 - (15 + -23)) + 18?
21
Evaluate -6 + (-13 - (9 - 15)) - -3.
-10
-15 - (7 + -1 + -10 + -1 + 1)
-11
What is the value of (11 - (0 - -1)) + -179 + 171 + 7?
9
What is the value of 1 + 7 + 0 - (0 - -6)?
2
(31 + -15 - 21) + 24
19
(5 - (-10 + (-2 - -4))) + -2
11
Evaluate (-8 + 7 + -6 - -39) + -5 - -3.
30
Evaluate 12 + (4 - 20) + -3 - (-7 + 1).
-1
Calculate 4 - (11 + -11) - (37 + -34).
1
Calculate -1 - (-32 + 16 - 1).
16
What is the value of 19 + -3 + 4 - (-4 + 9 + 3)?
12
Evaluate (2 + 1 - 0) + (90 - 76) + -5.
12
Evaluate 14 + (-25 - -1 - -10 - -4).
4
-4 + (-3 - (7 + -12)) - (9 + -2)
-9
Evaluate 6 - (2 + 2 + -63 + 54).
11
What is -8 - 3 - (-5 + 4) - 7?
-17
-14 - -6 - (-10 - (4 + -7)) - -18
17
What is 1 + -2 + -5 + (-14 + 8 - -6)?
-6
What is 5 - 2 - 6 - (6 + -22)?
13
What is -2 + 2 + (55 - 63)?
-8
-15 - -16 - (1 - (-5 - -2) - -4)
-7
What is 8 - (10 - (1 + 10 - 10))?
-1
Evaluate -1 + 1 + 10 + (-10 - (-8 - 11)).
19
What is -9 + (-8 - -3 - (-1 - 1))?
-12
Calculate (93 - 100) + (1 - (-5 - -3) - 35).
-39
Calculate 0 + (-1 - -13) + (-5 - 6).
1
Calculate (-17 - -39 - 38) + (8 - 0).
-8
Calculate -922 + 933 + (-1 + -4 - (-3 - -4)).
5
Evaluate -9 - (3 + -2 - 1) - (-73 + 90).
-26
What is (-25 - (51 - 25)) + 20?
-31
What is -6 + (-10 - -22 - (-2 - -2))?
6
What is the value of 1162 + -1175 + 0 + -1?
-14
What is the value of 4 - 12 - (4 + (4 - -1 - 12))?
-5
23 + (-32 - (-7 - 7))
5
-1 + -6 + 638 + -643
-12
Calculate 5 - ((21 - 44) + 9).
19
Calculate (-1 - -1) + (25 - 32) + -1 + -7.
-15
3 + -9 + 2 + 4 + (8 - 0)
8
Calculate (2 - (4 - 19)) + -5 - (7 - -3).
2
What is the value of (-7 - (13 + -14 - -3)) + -1?
-10
What is -23 + 41 + -1 + 1?
18
Calculate 1958 - 1917 - (7 + (-2 - -2)).
34
Evaluate -2 - -2 - ((6 - (14 - 5)) + -14).
17
Calculate -11 - (-13 + 1 + 2 + -10).
9
What is (2 + -17 - (-18 + 15)) + 1 + 3?
-8
What is the value of 13 + 2 + -5 - 16?
-6
Evaluate (1 - (-6 + 3)) + -8 - 2.
-6
Calculate (-20 - (1 - 1)) + (-171 - -179).
-12
49 + (-10 - (5 - -11))
23
Calculate 6 + (-2 - (1 + (2 - 1))) - -12.
14
What is -55 + (-17 - -50) + 1?
-21
Evaluate (0 - -4) + (26 - 5) + -10 + 4.
19
-10 + -4 + (12 - (-19 - -17))
0
Calculate (-8 - (8 - 4) - 3) + 1 + -1.
-15
What is the value of 20 - ((-9 - (-2 - 6)) + 6)?
15
-4 + (8 - (2 - -4))
-2
Evaluate -20 - (-10 - (7 + -11)).
-14
What is -41 - (2 + (1 - 17) + (-390 - -395))?
-32
77 + -36 + (-14 - -5)
32
What is (26 - 9 - 20) + (0 + -1 - 2)?
-6
What is -63 - -6 - (108 + -132)?
-33
Evaluate -9 + 5 + 0 + -79 + 89.
6
Evaluate 11 - (17 + 2) - (0 + -21).
13
Evaluate 9 - (10 + -4 + 26 + 7 + -7).
-23
Evaluate 6 + -8 + -2 + 1 - (-40 + 12).
25
What is 5 + (-16 - -3 - -5) + 12?
9
What is the value of 14 - (-5 + 20 + 1)?
-2
Evaluate (-13 - (-1 - 3 - 7)) + -27.
-29
(-38 - -26) + 0 + (2 - 5) + -3
-18
What is (2 - -12) + 4 + -6?
12
-19 + -3 + (4 - -10)
-8
What is the value of 1 + -4 + (-5 - -12) + -7?
-3
-1 + -1 + (5 + 1 - (-117 - -121))
0
What is the value of 23 - (17 - -9) - (-1 - 0 - -2)?
-4
What is the value of -3 - 0 - (36 + -27) - -25?
13
Calculate -23 - -23 - (-14 - -7 - -14).
-7
What is the value of 0 + -6 + 0 + (-1 + -9 - -5)?
-11
(-53 - -55) + (2 + 0 - 1)
3
What is the value of -1 + 23 - (-359 + 374)?
7
What is the value of (9 + -6 - 10) + 11 - 1?
3
11 + -11 + (25 - 20)
5
17 + (-14 - -10) + 7 + 4
24
Calculate -5 + (-19 - -8 - 7).
-23
What is 17 + 4 + (2 - 6)?
17
-10 - (-16 - 0 - (-90 - -89))
5
What is the value of 49 + -37 - (14 + -15)?
13
Calculate (80 - 44) + -6 + -17.
13
What is the value of -39 - (18 - (27 + 1))?
-29
755 - 733 - (1 - -39)
-18
31 - 20 - (14 - (7 + (1 - 10)))
-5
What is 12 - (-12 + 38 + -9)?
-5
-50 - -48 - (0 + (3 - 13))
8
What is -1 + (3 - (-13 - -8)) + 6 - 4?
9
What is the value of 0 + (10 - ((7 - 9) + 2))?
10
((9 - 3) + -6 - (4 - 9)) + 15
20
What is (12 - (18 - 4)) + (1 - 1)?
-2
What is the value of (5 - (0 + 2)) + -16 + 9?
-4
Evaluate -6 - (2 + -9 + 16 + -26).
11
Calculate (-2 - -2) + -13 + 185 + -156.
16
What is the value of (20 - 33 - 10) + 45?
22
Evaluate (-8 - 10 - -10) + (23 - -4).
19
What is 10 - (10 - (20 - -1))?
21
What is the value of (1632 - 1624) + (0 + 14 - 0)?
22
What is 151 - 139 - (2 + 8)?
2
Calculate (-23 - (-5 - (11 + -13))) + 3.
-17
What is -1 + 0 + -1 + 5 + 2?
5
Calculate (1 - 1) + (59 - 71).
-12
(-64 - 51) + 112 + 0 + (-1 - 13)
-17
Calculate (-6 - (-1 - 20)) + -31.
-16
What is the value of -25 + 8 + -38 + 30?
-25
(-23 + -2 - (-11 + 4)) + 8 + 5
-5
-1 + -14 + (230 - 186)
29
3 + -1 + -2 + 4 + -113 + 106
-3
Evaluate 0 - ((-4 - 0) + -5 + 13 - 4).
0
What is the value of (12 - 6) + (0 - -6) + -10?
2
What is the value of 10 - (13 + (-4 - (10 - 17)))?
-6
Evaluate -15 - (-4 + -1 - 3).
-7
What is -6 + (11 - -1) - 17 - (0 + -2)?
-9
What is the value of (-3 - 13) + (-14 - (13 + -27))?
-16
Evaluate (-13 + 7 - 3) + 1 + 0.
-8
What is -18 - 0 - (-6 + 5)?
-17
Evaluate (2 - -10) + (20 - 43).
-11
-37 + 31 - ((-6 - -2) + -18)
16
Calculate -15 + (15 - 10) - (-12 - -1).
1
Calculate -2 + -25 + 32 - (16 + 0).
-11
What is 6 - ((1 - 4) + (1 - -1 - 0))?
7
What is the value of (41 + -22 - -11) + -16?
14
-6 + (-1 - (-5 - -1)) + 8 + 11
16
Evaluate -2 + -4 + (7 + 0 - 11 - -5).
-5
What is the value of